 the greatest common factor of 27 and r?
3
Let w = 5 + 0. Suppose 0 = w*d - 10 - 10. Calculate the highest common factor of 20 and d.
4
Let x(p) be the third derivative of 17*p**4/24 - p**3/2 - 4*p**2. Let n be x(3). Calculate the highest common factor of 12 and n.
12
Suppose 3*g = -g + 280. Let a = -20 + 33. Suppose j - 22 = 4*m, j + 0*m = m + a. What is the greatest common divisor of g and j?
10
Let n = -22 + 10. Let w be 8/((-3)/n*2). What is the greatest common divisor of 4 and w?
4
Let w = -68 - -136. Suppose -7 = -5*u + w. What is the greatest common factor of u and 10?
5
Suppose -2*m = -9 - 3. Suppose m*a = a + 10. Suppose 2*p - 21 = -5*p. What is the highest common divisor of p and a?
1
Let a be (-1 + 3 - 5) + 0. Let g(l) = 21*l**2 + 2. Let r be g(a). Let i = r + -131. Calculate the highest common factor of 12 and i.
12
Let w = -37 + 47. Calculate the highest common divisor of 10 and w.
10
Let y(h) = h**3 - 4*h**2 + 3*h + 12. Let a be y(4). Calculate the highest common factor of 2 and a.
2
Let s = 160 + 16. Suppose y - 5*u = 10 + 46, -4*y + s = -4*u. Suppose 7 = 4*b - y. What is the greatest common divisor of 132 and b?
12
Let m = 95 + -23. Calculate the highest common factor of m and 8.
8
Let d = -63 + 118. What is the highest common divisor of 11 and d?
11
Suppose -2 = -5*g + 3*x + 85, 0 = -5*g - 5*x + 95. Suppose 24 = 5*d + c - 18, -d - 5*c + g = 0. What is the highest common factor of 88 and d?
8
Suppose 4*j = 5*j + f + 7, -2*f + 16 = -3*j. Let h be (3 + j)/(-3) - -3. Suppose -h*a = -45 - 263. What is the greatest common divisor of 11 and a?
11
Suppose 3*r - 7*r - 16 = 0, 4*o = r - 116. Let q = -20 - o. What is the highest common divisor of 2 and q?
2
Let t = -12 - -20. Let v be ((-1)/2)/((-1)/8). What is the highest common factor of v and t?
4
Let p be ((-5)/(-2))/((-2)/(-36)*1). Calculate the highest common divisor of p and 15.
15
Let u(j) = j**3 + j**2 + 4. Let a be u(2). Calculate the highest common factor of a and 176.
16
Let l(m) = 2*m**2 + 1. Let c be l(-1). Let o be c/(-18) - (-327)/18. Let a = -4 + 6. Calculate the greatest common divisor of o and a.
2
Suppose -4*f = -3*f. Suppose -x + 0*x + 17 = f. Let p = 564 + -377. What is the greatest common divisor of p and x?
17
Let l(q) = -q**3 - 14*q**2 + 16*q + 19. Let i be l(-15). What is the greatest common divisor of i and 1?
1
Let o(k) = 3*k**2 - 8*k + 4. Let q be o(5). Let h(x) be the first derivative of x**2/2 - x + 3. Let u be h(14). What is the highest common factor of u and q?
13
Let h = 118 + -64. Suppose 2*l - 30 = -3*l. Calculate the highest common factor of l and h.
6
Suppose 5*k = 4*f - 664, -5*k = 3*f - 0*f + 657. Let p be (11/(-2))/(3/k). Calculate the greatest common divisor of 22 and p.
22
Let w(l) = -l**3 - 10*l**2 + 11*l + 14. Let x be w(-11). Calculate the highest common divisor of 154 and x.
14
Let w(v) = 0 - 2 + 1 - 3*v. Let p be 22/(-8) + 1/(-4). Let g be w(p). What is the highest common divisor of 80 and g?
8
Suppose 5*i = 29 + 16. What is the greatest common factor of i and 81?
9
Let k be 0 - -3 - (-2 - 380). Let h = k - 161. Calculate the greatest common divisor of 28 and h.
28
Let i(v) = -208*v**3 + v**2 - v - 1. Let a be i(-1). Let c = 57 - a. Let b = -88 - c. Calculate the greatest common factor of 8 and b.
8
Suppose 50 + 130 = 5*p. Suppose -3*c = c - p. What is the highest common divisor of c and 27?
9
Suppose 2*j + 0*j = 8. Suppose -j*h + 8*h - 448 = 0. Let l be (16/3)/((-2)/(-6)). What is the greatest common divisor of l and h?
16
Suppose -c = 3*o - 16, 5*o - 4 = -2*c + 6*c. Let r = -9 - -10. What is the greatest common divisor of o and r?
1
Let u = -528 + 540. Let b(v) = -2*v - 6. Let g be b(-7). What is the highest common factor of g and u?
4
Suppose -5*s = -p - 95, -2*s = 2*s - 3*p - 76. Calculate the greatest common factor of s and 95.
19
Let l be -15*((-36)/(-15) - 3). Calculate the highest common factor of l and 3.
3
Let x be (-5)/2*16/(-10). Suppose -g = -u - 3*u + x, -4*u - 2*g = 8. Suppose -a + u*a + 34 = 0. Calculate the highest common factor of a and 85.
17
Suppose 0 = -0*n - 7*n + 14. Let z be 3 + -2 + (1 - -16). What is the greatest common divisor of n and z?
2
Let d = 2 + 2. Calculate the highest common divisor of d and 20.
4
Let w = -4 + 14. Let a = w - 7. Suppose 165 = a*h + 21. Calculate the highest common divisor of 12 and h.
12
Let d(y) = -2*y**2 + 7*y - 1. Let w be d(5). Let b = w + 26. Suppose 4*m = -k + 10, 4*m = 3*m + 2. Calculate the greatest common divisor of b and k.
2
Let y(w) = w**2 + 5*w - 6. Let i be y(3). Calculate the greatest common divisor of i and 2.
2
Suppose 5*a + 209 = 4*j, 0 = j - 5*j - 5*a + 199. What is the highest common divisor of j and 34?
17
Let f = 8 + -14. Let o = f - -8. Let s = 38 + -24. What is the highest common factor of s and o?
2
Let i = -8 - -8. Suppose 9*k = 4*k + 3*c + 48, i = -5*k - 4*c + 76. What is the highest common divisor of k and 12?
12
Suppose -2*s = 2*b + 3*b - 40, -b + s + 8 = 0. Suppose -3*i + 0*k - 5*k = -7, 2*k = i - 17. Let p = -1 + i. Calculate the greatest common factor of p and b.
8
Suppose 4*q - 60 = -4*y - 16, 0 = 3*q - 9. Suppose -2*h - 2*l = -22, -3 = -2*h + 2*l + 7. Calculate the greatest common divisor of y and h.
8
Let z(x) = x**2 + x + 22. Let k be z(0). What is the highest common divisor of 33 and k?
11
Suppose -2*d = -5*m + 13, 8*d = 3*d - 20. What is the highest common factor of m and 7?
1
Suppose q - 19 + 16 = 0. Calculate the greatest common divisor of 15 and q.
3
Let o(h) = -h**3 + 6*h**2 - 5*h. Let v(u) = 2*u - 10. Let j be v(7). Let k be o(j). Calculate the greatest common factor of 12 and k.
12
Suppose l + 3 - 13 = 0. Let s(v) be the first derivative of 3*v**2/2 - v + 3. Let t be s(7). Calculate the highest common factor of l and t.
10
Suppose -5*u + 56 = 4*n - 205, -3*u + 162 = -3*n. Suppose -6*i = -221 + u. Calculate the highest common divisor of i and 56.
28
Let r(k) = -k**2 - 10*k - 9. Let t be r(-7). Suppose 3*y - 195 = 5*s, 0 = -y - s + 42 + 15. Calculate the highest common divisor of y and t.
12
Suppose -2*t - t + 336 = 0. Let q be (210/1)/3 - 0. Suppose 7*o = 2*o + q. Calculate the greatest common factor of o and t.
14
Suppose 4*a = 3*a + 1. Calculate the greatest common divisor of 1 and a.
1
Suppose 0*l = -l + 9. Suppose 0 = 5*s + 4*r - 3*r - 94, s - 14 = r. What is the greatest common factor of l and s?
9
Let o(q) = q**3 - 11*q**2 + 3*q - 27. Let m be o(11). Let y = 43 - 25. Calculate the highest common factor of y and m.
6
Let h = 2 + -3. Let q = h + 25. Let k = -5 + 8. What is the highest common factor of k and q?
3
Let t(o) be the first derivative of o**2 - 12*o - 10. Let u be t(8). Calculate the greatest common factor of u and 40.
4
Let q be ((-10)/(-15))/(2/6). Let o(s) = q*s**3 - 4 + 6*s**2 + 3*s - 4*s**2 - 3*s**2. Let p be o(3). Calculate the highest common divisor of 10 and p.
10
Let m(k) = k**3 + 5*k**2 + 2*k - 4. Let u be m(-4). What is the greatest common factor of u and 12?
4
Let r = 535 + -373. Calculate the highest common divisor of r and 18.
18
Suppose b + 5*w = 12, -3*w + 4 = -3*b + 2*b. Calculate the greatest common divisor of 16 and b.
2
Let k be (-2)/(-5) - (-13)/5. Suppose 5*p - 2*i - k = 4*p, 3*i + 2 = -p. Let q(m) = 7*m. Let a be q(p). What is the highest common divisor of 7 and a?
7
Suppose -4*m - 8 = 0, -3*w - 3 = 5*m - 14. Let d be (-1 + -1 - -9)*7. Calculate the greatest common divisor of d and w.
7
Let z(y) = -y**3 + 7*y**2 - 5*y + 8. Let q be z(5). Calculate the highest common factor of 66 and q.
33
Let i = -3 + 5. Let z be 7 + (i - (-1 + 5)). Suppose 2*h = z*k + 29, 0*h + 18 = 3*h + k. Calculate the greatest common divisor of h and 7.
7
Let i(w) = w**3 - 3*w**2 + 3*w - 1. Let x(m) = -2*m + 4. Let g be x(3). Let z = g + 4. Let a be i(z). What is the greatest common factor of 11 and a?
1
Suppose -6 = 3*k - 27. Calculate the highest common factor of 2 and k.
1
Let t = 6 - 3. Suppose -7*m - 5*h + 998 = -3*m, -2*h = 2*m - 500. Suppose t*i - 5*i = -m. What is the highest common factor of 14 and i?
14
Suppose -9 = v + 2*v, 0 = 2*j - 2*v - 42. Let l(p) = -p + 3. Let i be l(3). Let c be 3/(-1)*(i + -54). Calculate the greatest common divisor of j and c.
18
Let s(y) = 2 - 4 + 9*y + 6 - y**2. Let x = -19 - -27. Let n be s(x).